y) = -75*y + 487. What is the remainder when 1119 is divided by h(4)?
184
Suppose -8*u = 2*g - 6*u - 36, -5*u + 71 = 4*g. What is the remainder when 60 is divided by g?
3
Calculate the remainder when (((-52)/(-10))/((-256)/(-2400)))/((-2)/(-8)) is divided by 95.
5
Let f = 76 - 71. Suppose -h = 5*v - 46, 4*v + 8 = -f*h + 28. Let t(a) = 6*a - 43. Calculate the remainder when 65 is divided by t(v).
14
Suppose 5*q + 22*u = 20*u + 524, -3*q - 3*u = -327. Calculate the remainder when q is divided by 15.
12
Let t(p) = p**3 + 2*p**2 - 3*p - 2. Let o be t(-2). Suppose o*a + 18 - 46 = 0. Let w = a + 18. Calculate the remainder when 71 is divided by w.
21
Suppose a - 14476 = -153*a. Suppose -5*r - 8 = -6*r. Calculate the remainder when a is divided by r.
6
Let t(n) = n**2 - 2*n. Let b be t(-3). Let g = b + 63. What is the remainder when g is divided by 9?
6
Suppose 2 = u - 0. Suppose w + 0*w + 12 = 4*d, 0 = -u*w. Calculate the remainder when 17 is divided by (9/(-2) + d)*-4.
5
Let y(m) = -2*m**3 - 5*m**2 + 9*m + 17. Let t be y(-6). Suppose d + t = 6*d. What is the remainder when d is divided by 1/6 - 548/(-24)?
20
Let b(c) = c + 1. Let y be b(-2). Let z = 1974 - 1962. Calculate the remainder when 102 is divided by (-7)/((-7)/z) - y.
11
Suppose -5*r - 3*i + 1196 = -242, 3*r = 3*i + 882. Suppose -q - q = -r. Calculate the remainder when q is divided by 25.
20
Suppose 0 = -a - 5*m + 90, 157 + 179 = 4*a - 4*m. Let h = 152 - a. What is the remainder when h is divided by 37?
30
Let g(x) = -x**2 + 140*x + 2206. Let h = 70 - 40. Calculate the remainder when g(-14) is divided by h.
20
What is the remainder when 3060/28 - 1/(-3)*60/(-70) is divided by 16?
13
Let a be -2 + 3 + -1 - 0. Suppose a = -5*t + 118 - 18. Let g = -1567 - -1646. What is the remainder when g is divided by t?
19
Let w be (-2)/12 - (34/(-12))/17. Suppose -4*a + 95 + 45 = w. What is the remainder when a is divided by 24?
11
Let a(f) = f**2 + 2*f + 2. Let o = 24128 - 24093. Calculate the remainder when o is divided by a(-4).
5
Let p = -2610 - -3051. Calculate the remainder when p is divided by 56.
49
Let y(x) = 7*x**2 - 126*x - 1. Let l be y(18). Calculate the remainder when -16*(l - (6 + -1)) is divided by 21.
12
Let g(c) = -36*c - 106. Let x be g(-3). Calculate the remainder when (x/5)/((9/5400)/1) is divided by 49.
44
What is the remainder when (-14 + (-1232)/144 + 4/(-9))*-34 is divided by 129?
8
Suppose 0*j + 4*j = 4*o - 1500, -5*j + 1500 = 4*o. Let a(d) = 292*d**2 - 1751*d + 7. Calculate the remainder when o is divided by a(6).
11
Let x(r) = 437*r + 2676. Calculate the remainder when 115 is divided by x(-6).
7
Suppose -5*w = 4*u - 98, 47*w + 2*u - 84 = 42*w. What is the remainder when 409 is divided by w?
3
Suppose 4*n - 4*a - 765 + 21 = 0, -5*a - 366 = -2*n. Let c(w) = 49*w - 1. What is the remainder when n is divided by c(1)?
44
Let j(k) = -k**3 + 8*k**2 - 3*k - 6. What is the remainder when (-16 - -10) + 0 + 93 is divided by j(7)?
21
Let h be (20/(-8))/(-1) + (-2)/(-4). Suppose 52 = 4*l - j, h*l + 0*j = -5*j + 16. Suppose 48 = -9*g + l*g. Calculate the remainder when 61 is divided by g.
13
Suppose 3*k = 5*m - 8*m + 495, -2*k + 680 = 4*m. Let z = 50 + -14. Calculate the remainder when m is divided by z.
31
Suppose -4*n - 6 = -3*n. Let z = 45 - n. Calculate the remainder when z is divided by 1*(-2)/(-7) + 6596/238.
23
Let r(i) = i**2 + 11*i - 79. Let c be r(5). What is the remainder when (c + -7)*1368/(-108) is divided by 39?
37
Let u(h) = h**2 - 19*h + 33. Let t be u(17). What is the remainder when 60 is divided by 6*t*(-2 - 1)?
6
Suppose -1101 = 126*t - 13953. Calculate the remainder when 716 is divided by t.
2
Let f(p) = 202*p - 16. Let z(d) = -d**2 + 9*d + 1. Let r be z(9). Calculate the remainder when f(r) is divided by 47.
45
Suppose -156*g + 26068 = 40*g. Calculate the remainder when 919 is divided by g.
121
Let a(y) = y**3 + 55*y - 38*y - 35 + y**3 - 4*y**2 + 3. What is the remainder when a(5) is divided by 41?
39
Suppose 27*j = 93*j - 1320. What is the remainder when 213 is divided by j?
13
Suppose 5*u + 7*c - 3*c = 134, -136 = -4*u + 4*c. Calculate the remainder when 72 is divided by (u/8)/(78/416).
12
Let t be 1*-3*1 + -40 + 43. Suppose 14*o - 4358 + 690 = t. What is the remainder when o is divided by 33?
31
Let c(j) be the first derivative of j**4/4 + 5*j**3/3 + j**2/2 + 9*j + 5. Let i be c(-5). Suppose 39 = i*v - v. What is the remainder when 51 is divided by v?
12
Let h = -663 - -670. Suppose 5*s + 5 = 0, -2*g = 4*s - 20 + 8. What is the remainder when g is divided by h?
1
Suppose 1545*k = -4*u + 1544*k + 5110, 6377 = 5*u - 4*k. Calculate the remainder when u is divided by 1262.
15
Let y(a) = -a**3 - 8*a**2 + 10*a + 22. Suppose 2*p + 4*h = -2*p + 56, -70 = -5*p + h. Suppose -77 = 7*k - p. What is the remainder when y(k) is divided by 5?
3
Suppose -5*y - 2*x = -2281, 0 = y + 6*x - 8*x - 449. What is the remainder when y is divided by 8?
7
Let c = 11601 - 11557. What is the remainder when 5761 is divided by c?
41
Suppose 4*s = -5*l + 28, -s + 3*l + 0*l = 10. Suppose 2*x = -s*x + 84. Let h(d) = -d**3 + d + 81. Calculate the remainder when h(0) is divided by x.
18
Let g = -257 + 524. Calculate the remainder when g is divided by 3.
0
Let o(d) = -125*d**3 - d**2 + d + 1. Let f = -5 - -4. Let b = -10782 + 10796. Calculate the remainder when o(f) is divided by b.
12
Let y be (1 + -3)/((-3)/(-2*9)). Let c be (-4 - 21/(-6))*(-1 + 17). What is the remainder when 35 is divided by y*(4 + 38/c)?
8
Let z(n) = 9*n**2 - 4*n + 4. Let s = 13 - 9. Calculate the remainder when z(s) is divided by 15.
12
Let v(b) = 3*b**2 + 5*b - 89. What is the remainder when v(-9) is divided by 26?
5
Let k = -119 + 181. Suppose 5*f = 3*s - 137, 3*s - f + 4*f = 105. Suppose 6*d - s = -4*v + d, -2*d = -v + 26. Calculate the remainder when k is divided by v.
14
Let l = 19 - -3. Let g = -276 - -284. What is the remainder when l is divided by g?
6
Let q = -8209 - -8870. Calculate the remainder when q is divided by 68.
49
Let f(w) = 676*w - 2960. Calculate the remainder when f(6) is divided by 27.
16
Let a(x) = x**3 + 6*x**2 + 2*x + 19. Let p be a(-6). Let l(o) = 19*o - 92. Calculate the remainder when 80 is divided by l(p).
39
Suppose 2*o + 25 = i, -o - o + 60 = 4*i. What is the remainder when i is divided by (435/(-522))/((-15)/36)?
1
Let h = 2395 - 2321. Calculate the remainder when 142 is divided by h.
68
Suppose -19*g + 14*g = -655. Suppose 116*h - g*h = -450. What is the remainder when 132 is divided by h?
12
Let p = 120 + -70. Let m(i) be the second derivative of i**4/12 + 2*i**3/3 - 14*i**2 - 4*i + 4. Calculate the remainder when p is divided by m(-9).
16
Let r = 24434 - 23818. What is the remainder when r is divided by 27?
22
Let u(r) = 66*r - 542. Calculate the remainder when u(18) is divided by 200.
46
Let z = 723 - 482. What is the remainder when z is divided by 93?
55
Let j(i) = 9*i**3 - 5*i**2 + 7*i - 4. Let y be j(2). Let t = y - 32. What is the remainder when t is divided by ((-5)/(-10))/((6/(-2))/(-66))?
8
Let y be -5*((-33)/(-15) - -1). Let x = y - -20. Suppose x*i - 11 = -3. What is the remainder when 6 is divided by i?
0
Let b(p) = -8*p - 6. Suppose 5*c = -56 + 621. Suppose 0 = -12*d + c + 127. What is the remainder when b(-5) is divided by d?
14
Suppose 2*q - 81 = -3*s, 0 = -3*q - 3*s + 37 + 86. Suppose q = 2*m - 4*b, 8*m = 4*m - 4*b + 48. Calculate the remainder when m is divided by 6.
3
Let w be 6150/34 - 110/(-935). Suppose 6*d = -w + 259. Calculate the remainder when 67 is divided by d.
2
Calculate the remainder when (5 + -1)*(19 + (-8337)/(-84)) is divided by 77.
11
Suppose 0 = -28*r - 13*r + 410. Suppose -161 = -5*o - 3*f, 3*o - 85 = -6*f + r*f. What is the remainder when 243 is divided by o?
26
Suppose p = 3*y + 4*p - 1158, -2*p - 398 = -y. Let h = y + -386. Calculate the remainder when 63 is divided by h.
3
Let n(q) be the third derivative of q**4/3 - 44*q**3/3 + 35*q**2. What is the remainder when 276 is divided by n(18)?
52
Suppose -57*u + 2285 = 10*u - 1132. Suppose -2 = z - 0. What is the remainder when u is divided by ((-38)/(-4))/(z/(-4))?
13
Suppose -7*h = -870 - 61. Suppose -h = -2*b + 27. Calculate the remainder when b is divided by (81 + 0)*8/24.
26
Suppose 31 = 3*p - 5*l, p 